-3*c + 19 = 2*p. Let k be -73 + -2 + -1 + 1. Let d = 131 + k. What is the greatest common factor of d and p?
14
Let t = -53 - -33. Let m = 132 + t. Calculate the highest common divisor of 14 and m.
14
Let t = 18 + -4. What is the highest common factor of 7 and t?
7
Let z(i) = i**3 + 3*i**2 + 3. Let u be z(-3). Let v = 2 + u. Suppose v*j - h = 48, -3*h = 9 - 0. Calculate the greatest common divisor of j and 9.
9
Let t be 29 - ((3 - -3) + -3). Let l = t - 21. Calculate the highest common factor of l and 35.
5
Suppose -25*l + 110 = -23*l. Let j be (11/(-2))/(2/(-4)). Calculate the highest common divisor of l and j.
11
Let y(b) = -2*b**2 - 5*b + 5. Let f be y(4). Let h = f + 71. Calculate the greatest common divisor of h and 3.
3
Let q = -14 + 22. Let v(p) = 8*p. Let r(h) = h**2 + 10*h + 9. Let m be r(-10). Let o be v(m). What is the greatest common divisor of o and q?
8
Suppose -1 = -s, -h = 4*s - 80 - 14. Calculate the highest common divisor of h and 10.
10
Suppose -m + 8 = 5*v, 0*v + 5*m - 16 = -v. Let z be 177/2*(2 + -4). Let f be -1 + v + (3 - z). What is the highest common factor of 20 and f?
20
Let p be 2/4*6 - -2. Let q be 5/(-2)*(1 + 1). Let r be (-446)/(-10) + (-2)/q. Calculate the greatest common divisor of r and p.
5
Let c(l) = -5*l - 1. Let a be c(1). Let r(o) = 2*o**2 + 4*o + 9. Let s be r(a). Calculate the greatest common factor of s and 19.
19
Let f(t) = -1. Let h(n) = 15*n + 1. Let q(m) = -3*f(m) - h(m). Let c be q(-6). Calculate the greatest common divisor of c and 23.
23
Let q be ((-1)/(-1))/((-2)/6). Let m = -1 - q. Suppose -m*j - 419 = -5*y - 30, y = -j + 75. What is the greatest common divisor of 7 and y?
7
Let d = -27 + 15. Let n be 44/6*d/(-8). What is the greatest common factor of n and 99?
11
Let p be (0 - 1) + 51 + 0. Let y(z) = 28*z**2 - z. Let d be y(-1). Let f = d + -9. Calculate the greatest common divisor of f and p.
10
Let i be (-4 - 129/(-6))*2. Calculate the greatest common divisor of 14 and i.
7
Suppose l = -3*b + 21 - 71, 4*l + 4*b + 160 = 0. Let i be (-23 - 6/3) + 0. Let c = i - l. What is the highest common factor of 10 and c?
10
Suppose -3*r - 2*p + 344 = -6*r, 0 = -2*r + p - 229. Let a be (-4)/14 - r/7. Calculate the greatest common divisor of 112 and a.
16
Let y(a) = -a**2 - 5*a - 3. Let x be y(-3). Suppose 0 = -5*o - 8 + 3. Let m be 2*(14 + 2/o). Calculate the greatest common divisor of m and x.
3
Let p(l) = -3*l**2 - 3*l - 6. Let u(c) = 3*c**2 + 2*c + 5. Let h(m) = 3*p(m) + 4*u(m). Let x be h(2). What is the greatest common divisor of x and 48?
12
Let k be (-1 - -2) + -3 + 112. Suppose 4*j - k = -j. What is the greatest common divisor of j and 33?
11
Let o = 12 - -3. Calculate the highest common divisor of 3 and o.
3
Let g be 5/10 + 9/2. What is the highest common factor of 5 and g?
5
Let j(h) = h**3 - h + 1. Let u be j(3). Calculate the highest common factor of u and 50.
25
Let a(c) = 11*c + 11. Let n be a(14). What is the greatest common factor of n and 15?
15
Suppose 0 = 20*m + 5*m - 200. Suppose 4*p - 28 = -w, w + 0*w + p - 31 = 0. What is the highest common divisor of m and w?
8
Let w be (60/(-8))/(-5)*12. Calculate the greatest common factor of 36 and w.
18
Let u = -35 + 71. Let q be ((-12)/(-7))/(3/21). What is the greatest common factor of q and u?
12
Let a be 4/(-10) - 104/(-10). Let z = -28 - -53. What is the highest common factor of a and z?
5
Suppose -4*g + 3*o + 8 = 25, 0 = 5*g + 5*o - 5. Let q be g/(-8) + (-1757)/(-28). Suppose 2*w - q = -15. Calculate the highest common factor of 60 and w.
12
Let c(k) = 4*k + 2. Let z = -3 + 5. Let l be c(z). Calculate the highest common factor of l and 1.
1
Suppose 3*n = n - 5*k + 572, -2*k = 0. What is the highest common divisor of n and 26?
26
Let m(y) = y**3 + 5*y**2 + 4*y + 2. Let l be m(-3). Let n = 66 - -22. What is the greatest common factor of l and n?
8
Suppose -3*y = 3*s - 10 - 62, 3*y = 4*s + 72. Let j = 5 - -1. Calculate the greatest common factor of j and y.
6
Let u(o) = 9*o. Let g be u(3). Calculate the highest common divisor of g and 189.
27
Suppose -108 = -5*a + 2*a. What is the highest common factor of a and 4?
4
Let a(h) = h - 4. Let f(r) = -r. Let g(y) = a(y) - 2*f(y). Let t be g(4). What is the greatest common divisor of t and 72?
8
Let d(z) = 3*z**2 + 5*z + 2. Let c be d(-3). Calculate the highest common factor of c and 7.
7
Let s be (-2)/(2*(-3)/66). What is the greatest common divisor of 22 and s?
22
Suppose -5*y + 5*j + 40 = 0, -3*j + j = 2*y - 20. What is the greatest common factor of 9 and y?
9
Let x = 84 + -62. Calculate the highest common factor of 22 and x.
22
Suppose -2*k + 1 = -3. What is the greatest common factor of 2 and k?
2
Let h = -13 - -19. Let s be (-52)/(-6) + 2/h. Let w = 9 + 27. What is the greatest common factor of w and s?
9
Suppose 0*l - 5*l = -2*j - 94, -3*j = 2*l - 30. Suppose 0 = -2*x - x + l. What is the highest common factor of 42 and x?
6
Suppose 5*v = 491 + 184. What is the highest common factor of v and 27?
27
Suppose -5*p - 56 = -2*w, w + 2*p = -3*w + 64. Suppose -w = -x + 169. Suppose -4*c - 34 = -6*c. Calculate the greatest common factor of c and x.
17
Let o(v) = -v**2 - 8*v - 10. Let g be o(-6). Suppose -j - 6 = -g*j. Let h = 112 - 64. Calculate the greatest common factor of h and j.
6
Let f(g) = g**2 - 5*g - 6. Let a be f(11). Calculate the greatest common factor of a and 24.
12
Suppose 0 = s + 1 - 8. Suppose -p + s = -2. Suppose -3*g + 6 + 12 = 0. Calculate the greatest common factor of g and p.
3
Suppose 7*t - 5*o = 11*t - 509, 2*t - 3*o = 249. Suppose -4*h - 20 = -u + 2, -5*u = 3*h - 64. Calculate the highest common divisor of t and u.
14
Let v = -39 - -63. Calculate the highest common factor of v and 36.
12
Suppose m = -3*v + 84, -5*m - v - 452 = -10*m. Suppose -3*w + 2*w + 10 = 0. Calculate the greatest common factor of m and w.
10
Suppose -1 - 11 = -d. Let x be (-1 - -3)*d/(-8). Let u be ((-78)/(-9))/((-2)/x). What is the highest common divisor of u and 91?
13
Let k = 7 - -39. What is the highest common factor of 23 and k?
23
Suppose -s - 3*v + 1 = 0, -65 + 6 = -4*s - v. Calculate the highest common divisor of 2 and s.
2
Suppose -2*a + 0*a - 4*t = 6, -5*t = -5*a + 15. Calculate the greatest common divisor of a and 8.
1
Let u be 1/(-5) - (-360)/50. Calculate the greatest common factor of u and 77.
7
Suppose -215*d + 72 = -213*d. Let m = -1 - -5. What is the greatest common factor of d and m?
4
Let t(z) = z**3 + 5*z**2 + 5*z + 4. Let j(i) = i - 6. Let n be j(3). Let w be t(n). Suppose 0 = 5*d - 9 - 131. Calculate the highest common factor of d and w.
7
Let h(v) = 3*v - 2*v + 0*v**3 + 5*v + v**3 + 3 - 7*v**2. Let u be h(7). What is the greatest common factor of 5 and u?
5
Let w(z) = -6*z - 3. Let l be w(-3). Let o = 273 - 153. Calculate the greatest common factor of l and o.
15
Let o be (0 + -1)*1 - -11. Let u(r) be the third derivative of r**4/8 - r**3/3 + 3*r**2. Let h be u(4). Calculate the highest common divisor of h and o.
10
Let m = -2 + 3. Suppose 0 = y - 4*j - 13, 2*y - j - 2*j - 1 = 0. Let p = y + 8. Calculate the highest common divisor of m and p.
1
Suppose 8*h - 35 = 3*h. Let k(x) = -x + 7. Let z be k(h). Let q = z - -8. Calculate the greatest common divisor of 32 and q.
8
Suppose 0 = -5*q - 3 + 13, 0 = -k - 4*q + 78. What is the highest common factor of 10 and k?
10
Let k = 63 + 9. Suppose -4*c + k = -0*c. Let w be (-8)/36 - (-112)/c. Calculate the highest common divisor of 42 and w.
6
Let n = -14 + 18. Suppose -5*m - p = 32 - 487, 0 = n*m + 2*p - 370. Suppose 2*j - 5*j = -54. Calculate the highest common divisor of m and j.
18
Let u(n) = -n**2 + 8*n - 3. Let c be u(5). Suppose -2*h - 124 = -4*x, 0*x - 2*x - 4*h = -52. Calculate the highest common factor of x and c.
6
Let s = 25 - 7. Let r = 23 - 14. Calculate the greatest common divisor of s and r.
9
Suppose 5*w = -0*w - 5, 3*w - 57 = -4*b. What is the greatest common factor of 105 and b?
15
Let f(k) = 0*k + 0*k + k - 6. Let m be f(7). What is the highest common divisor of m and 1?
1
Let c(h) = 12*h**2 + h. Let m be c(1). Let q be ((-12)/(-10))/(15/(-50)). Let b be (13/(-3))/(q/24). Calculate the highest common divisor of b and m.
13
Suppose 4*v - 5 = -v. Calculate the greatest common divisor of 1 and v.
1
Let n(h) = h - 6. Let